4/12 - s**3/2 + 2*s**2 + 1477*s. Let n be (-104)/40 + 2/(-5). Determine t(n).
4
Let b be ((-72)/42)/(20/7 + -3). Let z(p) = -p**2 + 9*p + 39. Let d be z(b). Let u(g) = -15*g**d + g + 16*g**3 + 0*g**2 + 3*g**2 - 4*g**2. Determine u(2).
6
Let d(r) = -4*r + 30. Let c(h) = 7*h - 31. Let x(f) = 4*c(f) + 5*d(f). Determine x(-2).
10
Let v be ((-2292)/(-54)*-3)/(2/(-3)). Let g = -190 + v. Let q(x) = 16*x. What is q(g)?
16
Suppose v - 11 = -q, 6*q - 10*q + 58 = 5*v. Let z(p) = -7*p + 86. Let i be z(v). Let w(k) = -k**3 - 12*k**2. Calculate w(i).
0
Let p(o) be the second derivative of -o**5/20 - o**4/2 + o**3/3 - 4*o**2 - 93*o. Suppose 195*j = 190*j - 35. Determine p(j).
27
Suppose 20*h + 13*h = 297. Let x(f) = 4*f - 31. Determine x(h).
5
Let f(z) be the first derivative of -z**4/4 + 8*z**3 - 10*z**2 + 11*z - 4310. Give f(23).
80
Let p = 245 + -233. Let z(u) = 4 - p*u**2 + 4*u + 6 - u**3 - 12 + 15*u**2. Calculate z(4).
-2
Let p(y) = y**3 - 10*y**2 + 4*y - 9. Let v be p(7). Let n be 27/18*(0 + v/(-3)). Let o = -66 + n. Let r(a) = -7*a - 1. What is r(o)?
13
Let v = 64 + -50. Let b(j) = -12*j - 8*j + 1 + v*j. Let n be 2/(-5) + (-14)/(-10). What is b(n)?
-5
Let u be (-3)/(3/(-2)) + 1. Suppose -3*z = 3*b + 6, 2*z + 6 = -b + u. Let j(i) = -8*i + 1. What is j(z)?
9
Let o(y) = y**3 + 2*y**2. Suppose 2 = -21*f + 44. Let u(s) = -3*s**3 - 6*s**2 + 9. Let l(g) = f*o(g) + u(g). What is l(0)?
9
Let g(s) = 43*s - 172. Let q be g(22). Let z(h) = 3*h + 386 - q + 390. What is z(2)?
8
Let k(a) = -5*a - 4294. Let z(g) = 2*g + 1228. Let d(l) = -2*k(l) - 7*z(l). Let v = -4 + 3. Calculate d(v).
-4
Let g(b) be the second derivative of -1/8*b**4 + 2*b - 1/60*b**5 - 2/3*b**3 + 0*b**2 + 0. Let s(q) be the second derivative of g(q). What is s(-3)?
3
Let x(w) = 2*w**3 - 14*w**2 - w - 7. Let d(b) = 9*b**2 - 43*b - 3. Let h be d(5). Calculate x(h).
-14
Let x(w) be the third derivative of -1/60*w**5 + 0*w - 1/2*w**3 - 327*w**2 + 3/8*w**4 + 0. Suppose -5*d - 50 = -5*p, 2*d - 7*d = 2*p - 6. Calculate x(p).
5
Let v be ((-39)/(-9) - (0 - -5))/(21/(-63)). Let a(b) be the first derivative of -b**2/2 + b - 1. Determine a(v).
-1
Suppose 3*z = -0*z + 45. Suppose 8*i = 5*i + z. Let u(d) = -8*d + 12. Let v(c) = -10*c + 13. Let s(g) = i*v(g) - 6*u(g). What is s(-8)?
9
Suppose 10 = -2*u + 2*p, 2*p + p = -3*u - 51. Let l(s) = 8*s - 29. Give l(u).
-117
Let u = 22854 - 22855. Let w(n) = 24*n**2 - n. Let z(v) = -49*v**2 + 3*v. Let g(r) = 5*w(r) + 2*z(r). Determine g(u).
21
Let p(k) = k**2 - 2*k - 1. Let z(m) = m**3 - 8*m**2 + 9*m - 10. Let g be z(7). Suppose d + 6*x - 7*x = g, -d - 2*x - 2 = 0. What is p(d)?
-1
Let r(s) = 0*s**3 - s**2 - s**3 + 3*s**2 + 837*s - 839*s + 2*s**2. Calculate r(5).
-35
Let d(x) be the second derivative of x**4/12 - 5*x**3/6 - 27*x**2/2 - 1091*x. Calculate d(10).
23
Let k(w) = 3*w**3 - 42*w**2 + 2*w + 35. Let y be k(14). Let t(g) = -21*g**2 + y*g - 65*g + 22*g**2. Give t(0).
0
Let d(r) = 5*r**2 - 8*r + 2. Let q be d(2). Let i(y) = 241 + y**2 - 9*y - 472 + 245. What is i(q)?
-4
Let u(z) = 54*z - 100. Let d be -13 + 2450/190 + (-40)/(-19). Determine u(d).
8
Let i(k) = -2*k - 56 + 12 + 21 + 26 - k**2. Let j be 13/(-91) + (-34)/7 + -2. What is i(j)?
-32
Suppose -y + 35 = -4*k, -8*y - 3*k + 69 = -1. Let s(v) = -2*v**2 + 17*v - 6. Calculate s(y).
-61
Suppose -8386 - 3638 = -36*j. Suppose j*w + 15 = 331*w. Let o(p) = p**3 + 7*p**2 + 11*p + 7. Calculate o(w).
2
Let j(f) = f**2 - 2*f - 440. Let t be j(22). Let a(v) be the third derivative of t + 0*v - 3*v**2 - 1/6*v**4 + 1/6*v**3 - 1/60*v**5. Calculate a(-3).
4
Suppose 4 = 4*l + 2*z, -z + 5 + 3 = 5*l. Suppose -5*f + 4*i + 6 + 13 = 0, 2*f - 4 = -2*i. Let b(u) = 1 - 89*u**2 + l*u + 92*u**2 - u**f + 5*u. What is b(5)?
-14
Suppose -3*f - 2*q + 23 = 0, -4*q + 8*q + 4 = 4*f. Suppose 12*m - 14 = f*m. Let h(v) = v**3 - v**2 - 2*v + 1. Calculate h(m).
1
Let a(z) = z**3 - 13*z**2 - 14*z + 8. Let n be ((-520)/650)/((-2)/35). Calculate a(n).
8
Let s(o) be the third derivative of -o**6/120 - o**5/10 + 7*o**4/24 - 7*o**3/6 - 2*o**2. Let t be 790*1*2/(-4). Let a be t/(-165)*-3 - (-8)/44. Calculate s(a).
-7
Let y be (-50)/4*((-896)/280)/(-8). Suppose 4*l - 3*v = 2*v + 3, -4*l + 4*v = -4. Let h(b) = 2 + b**3 + l*b - 6*b + 2 + 4*b**2. Calculate h(y).
-1
Let k(l) = -14*l + 17. Let x be (4/7)/(14/98*(-2 + 3)). Calculate k(x).
-39
Let k(i) = -i**2 - 25*i + 7. Let m be (-854)/34 + (-766)/(-6511). Give k(m).
7
Suppose -2*t - 6 = -r, -r + 4*t = 6*t + 2. Let m(k) = -5*k + 3. Let j(v) = 3*v - 2. Let n(s) = r*m(s) + 3*j(s). Give n(0).
0
Let d(b) = -2*b**2 + 3*b**2 + 1 - 5 + 4*b. Let j = -325 - -331. Suppose j - 33 = 3*w - 3*v, -2*v + 28 = -4*w. Determine d(w).
1
Let l(d) = -65*d + 83. Let b(j) = 16*j - 21. Let k(u) = 25*b(u) + 6*l(u). Determine k(4).
13
Let b(n) = 56256*n**2 - 56257*n**2 - 3*n + 4 - 12*n. Determine b(-17).
-30
Let y(u) = -8*u - 13. Suppose -294*r = -207*r + 87. Calculate y(r).
-5
Suppose -2*f + 18*u - 6 = 20*u, 0 = -2*f + 2*u + 14. Let d(x) = 6*x**2 + 0 - 7*x**f - 7*x + 8 + 0. Suppose -28 = 4*h - 0*h. Give d(h).
8
Suppose 0 = -3*p - 2*p - 30. Let l(z) = z - 2. Let t(n) = -2*n + 6. Let y(b) = p*l(b) - 2*t(b). Determine y(6).
-12
Let r be 2*(2/(-8))/(6/(-12)). Let v be (-80)/2*(r - 4)/(-3). Let u = -40 - v. Let q(x) = -x**2 - x + 6. Give q(u).
6
Suppose 10 = 5*l, 0*q + 6 = -2*q + 5*l. Suppose 3*s = -s + 16, q*r - 2*s = -14. Let h(d) = -d**3 - 4*d**2 + d + 4. Give h(r).
-8
Let i = 1470 + -1465. Let l(r) = r**3 - 5*r**2 - 2*r - 8. Determine l(i).
-18
Let d(f) = -f**2 + 4854*f + 16 - 9741*f + 4862*f. Calculate d(0).
16
Let i(u) be the second derivative of u**6/360 - u**5/20 + 3*u**4/8 + 35*u**3/6 + 3*u**2/2 - 148*u. Let v(o) be the second derivative of i(o). What is v(4)?
1
Suppose -117*w + 112*w + 75 = 0. Let s be (-8)/(-60) + 178/w. Suppose -s*f + 24 = -9*f. Let p(g) = -g**3 + 8*g**2 - g - 2. Give p(f).
-10
Let z(m) = 35 - 79 + 6*m**2 + 42 - m. Suppose 4*s + 4*f - 102 = 2*f, 2*s = 5*f + 57. Let g = s - 24. Determine z(g).
20
Let k(i) = -i - 17. Let l be k(-21). Let t(c) be the third derivative of -7/60*c**5 - 4/3*c**3 + 1/4*c**l + 0*c + 1/120*c**6 + 0 - 23*c**2. Determine t(6).
-8
Let h(x) = -40*x + 0 - 4 - x**2 - 1 + 7 + 2. Let l be h(-40). Let f(m) = 3*m**2 - 4*m - 1. Determine f(l).
31
Let l(h) = -3*h**3 - 3*h**2 - 2*h - 3. Let a be l(-2). Suppose -3*o - 3*d + 33 = 0, 5*o - 62 = -3*d - a. Let j(m) = m**3 - 6*m**2 - 17*m. Calculate j(o).
-8
Let y = 142 + -129. Let r be (3*(-2)/21)/(y/91). Let q(s) = s**3 + 2*s**2 - 3*s - 1. What is q(r)?
5
Let s(j) = -1480*j + 155. Let f(u) = -127*u + 13. Let x(w) = 35*f(w) - 3*s(w). What is x(4)?
-30
Let h = -18009 - -36031/2. Let i(v) be the first derivative of h*v**2 + v + 40. Calculate i(-2).
-25
Suppose -6*x + 13*x = -952. Let v = 129 + x. Let o(b) = -b**2 - 9*b - 6. Calculate o(v).
8
Let i(f) = -f - 9. Suppose 11*n = 8*n + 3. Let b be (3 + -1)/(n/(-3)). Let p be i(b). Let u(m) = 3*m + 3. Calculate u(p).
-6
Suppose 5*p = 3*p - 4*w - 2, 4 = -p - 3*w. Let m(i) = 8 + p*i**2 - 6*i**2 + 14*i + 8 - 27. What is m(12)?
13
Let s(m) be the third derivative of 0*m + 0 + 1/60*m**5 + m**3 - 187*m**2 + 1/4*m**4. What is s(-5)?
1
Let h(v) be the first derivative of -v**5/20 - 5*v**4/12 + 2*v**2 + 10*v - 15. Let j(o) be the first derivative of h(o). Let g = -14 + 10. Give j(g).
-12
Let q(z) = z - 5. Let g be q(-6). Let c(x) = x + 2 + 25 - 6 - 32 - 2*x. Determine c(g).
0
Let z(h) = -6 + 12*h**3 - 27*h**3 - 5*h**2 + 14*h**3 - h. Let b be z(-5). Let t(j) = 3*j**3 + 2*j + 1. What is t(b)?
-4
Let o(c) = 3*c**3 - 2*c**2 + 2*c + 1. Let l be (8/4)/(8/12). Suppose -3*f - 10 = 4*a, 3*f + 3*a + l + 6 = 0. What is o(f)?
-35
Let m be (-16)/12*(-42)/28. Let d(g) = 3*g**3 - 2*g - 2. What is d(m)?
18
Let t(z) = -z**3 - 2*z**2 + 3*z - 3. Suppose 0 = -y - 3*y + 88. Let j be (1 - y/12) + (-15)/90. Let u(o) = 4*o**3 + o**2 + 2*o + 2. Let d be u(j). Give t(d).
-3
Let m(q) = -8*q - 42. Suppose -4*g + 475 = 2*g + 523. Give m(g).
22
Let n(s) = 13*s - 1. Let x(j) = -27*j - 394 + 43*j - 30*j. Let r be x(-28). Calculate n(r).
-27
Let h(l) be the second derivative of -l**5/10 + 5*l**4/12 + l**3/6 - 3*l**2 + 10342*l. Determine h(4).
-50
Let f(y) = -y. Let i(t) = -t**3 - t**2 - 3*t - 2. Let h(s) = f(s) - i(s). Let p(a) = -a**2 + 12*a - 19. Let o 